{"id":5884,"date":"2023-11-29T19:42:26","date_gmt":"2023-11-29T18:42:26","guid":{"rendered":"https:\/\/artapartamento.com\/?page_id=5884"},"modified":"2023-12-08T18:57:39","modified_gmt":"2023-12-08T17:57:39","slug":"vase-en-peau","status":"publish","type":"page","link":"https:\/\/artapartamento.com\/fr\/artistas\/los-bravu\/jarron-de-la-piel\/","title":{"rendered":"Vase en peau"},"content":{"rendered":"<div data-elementor-type=\"wp-page\" data-elementor-id=\"5884\" class=\"elementor elementor-5884\" data-elementor-post-type=\"page\">\n\t\t\t\t<div class=\"elementor-element elementor-element-1d0da46c e-con-full e-flex e-con e-parent\" data-id=\"1d0da46c\" data-element_type=\"container\" data-e-type=\"container\" data-settings=\"{&quot;background_background&quot;:&quot;classic&quot;}\">\n\t\t<div class=\"elementor-element elementor-element-254c88a2 e-con-full e-flex e-con e-child\" data-id=\"254c88a2\" data-element_type=\"container\" data-e-type=\"container\">\n\t\t\t\t<div class=\"elementor-element elementor-element-1fc6c1cd elementor-widget elementor-widget-image-carousel\" data-id=\"1fc6c1cd\" data-element_type=\"widget\" data-e-type=\"widget\" data-settings=\"{&quot;slides_to_show&quot;:&quot;1&quot;,&quot;navigation&quot;:&quot;none&quot;,&quot;autoplay&quot;:&quot;yes&quot;,&quot;pause_on_hover&quot;:&quot;yes&quot;,&quot;pause_on_interaction&quot;:&quot;yes&quot;,&quot;autoplay_speed&quot;:5000,&quot;infinite&quot;:&quot;yes&quot;,&quot;effect&quot;:&quot;slide&quot;,&quot;speed&quot;:500}\" data-widget_type=\"image-carousel.default\">\n\t\t\t\t<div class=\"elementor-widget-container\">\n\t\t\t\t\t\t\t<div class=\"elementor-image-carousel-wrapper swiper\" role=\"region\" aria-roledescription=\"carousel\" aria-label=\"Carrousel d&#039;images\" dir=\"ltr\">\n\t\t\t<div class=\"elementor-image-carousel swiper-wrapper swiper-image-stretch\" aria-live=\"off\">\n\t\t\t\t\t\t\t\t<div class=\"swiper-slide\" role=\"group\" aria-roledescription=\"slide\" aria-label=\"1 de 3\" data-no-translation-aria-label=\"\"><a data-elementor-open-lightbox=\"yes\" data-elementor-lightbox-slideshow=\"1fc6c1cd\" data-e-action-hash=\"#elementor-action%3Aaction%3Dlightbox%26settings%3DeyJpZCI6NTg5OCwidXJsIjoiaHR0cHM6XC9cL2FydGFwYXJ0YW1lbnRvLmNvbVwvd3AtY29udGVudFwvdXBsb2Fkc1wvMjAyM1wvMTFcLzIuR0VORVJBTC1DT04tUEFSRURfMy5qcGcud2VicCIsInNsaWRlc2hvdyI6IjFmYzZjMWNkIn0%3D\" href=\"https:\/\/artapartamento.com\/wp-content\/uploads\/2023\/11\/2.GENERAL-CON-PARED_3.jpg.webp\"><figure class=\"swiper-slide-inner\"><img decoding=\"async\" class=\"swiper-slide-image\" src=\"https:\/\/artapartamento.com\/wp-content\/uploads\/2023\/11\/2.GENERAL-CON-PARED_3.jpg.webp\" alt=\"Le Brav\u00fa\" \/><\/figure><\/a><\/div><div class=\"swiper-slide\" role=\"group\" aria-roledescription=\"slide\" aria-label=\"2 de 3\" data-no-translation-aria-label=\"\"><a data-elementor-open-lightbox=\"yes\" data-elementor-lightbox-slideshow=\"1fc6c1cd\" data-e-action-hash=\"#elementor-action%3Aaction%3Dlightbox%26settings%3DeyJpZCI6NTg5MiwidXJsIjoiaHR0cHM6XC9cL2FydGFwYXJ0YW1lbnRvLmNvbVwvd3AtY29udGVudFwvdXBsb2Fkc1wvMjAyM1wvMTFcLzQuREVUQUxMRS0yLmpwZyIsInNsaWRlc2hvdyI6IjFmYzZjMWNkIn0%3D\" href=\"https:\/\/artapartamento.com\/wp-content\/uploads\/2023\/11\/4.DETALLE-2.jpg\"><figure class=\"swiper-slide-inner\"><img decoding=\"async\" class=\"swiper-slide-image\" src=\"https:\/\/artapartamento.com\/wp-content\/uploads\/2023\/11\/4.DETALLE-2.jpg\" alt=\"Le Brav\u00fa\" \/><\/figure><\/a><\/div><div class=\"swiper-slide\" role=\"group\" aria-roledescription=\"slide\" aria-label=\"3 de 3\" data-no-translation-aria-label=\"\"><a data-elementor-open-lightbox=\"yes\" data-elementor-lightbox-slideshow=\"1fc6c1cd\" data-e-action-hash=\"#elementor-action%3Aaction%3Dlightbox%26settings%3DeyJpZCI6NTg5MSwidXJsIjoiaHR0cHM6XC9cL2FydGFwYXJ0YW1lbnRvLmNvbVwvd3AtY29udGVudFwvdXBsb2Fkc1wvMjAyM1wvMTFcLzMuREVUQUxMRS0xLmpwZyIsInNsaWRlc2hvdyI6IjFmYzZjMWNkIn0%3D\" href=\"https:\/\/artapartamento.com\/wp-content\/uploads\/2023\/11\/3.DETALLE-1.jpg\"><figure class=\"swiper-slide-inner\"><img decoding=\"async\" class=\"swiper-slide-image\" src=\"https:\/\/artapartamento.com\/wp-content\/uploads\/2023\/11\/3.DETALLE-1.jpg\" alt=\"Le Brav\u00fa\" \/><\/figure><\/a><\/div>\t\t\t<\/div>\n\t\t\t\t\t\t\t\n\t\t\t\t\t\t\t\t\t<\/div>\n\t\t\t\t\t\t<\/div>\n\t\t\t\t<\/div>\n\t\t\t\t<\/div>\n\t\t<div class=\"elementor-element elementor-element-514bc219 e-con-full e-flex e-con e-child\" data-id=\"514bc219\" data-element_type=\"container\" data-e-type=\"container\">\n\t\t\t\t<div class=\"elementor-element elementor-element-72e8b2c0 elementor-widget elementor-widget-heading\" data-id=\"72e8b2c0\" data-element_type=\"widget\" data-e-type=\"widget\" data-widget_type=\"heading.default\">\n\t\t\t\t<div class=\"elementor-widget-container\">\n\t\t\t\t\t<h2 class=\"elementor-heading-title elementor-size-default\"><a href=\"https:\/\/artapartamento.com\/fr\/category\/artistas\/los-bravu\/\" rel=\"tag\">Le Brav\u00fa<\/a><\/h2>\t\t\t\t<\/div>\n\t\t\t\t<\/div>\n\t\t\t\t<div class=\"elementor-element elementor-element-34549ce2 elementor-widget elementor-widget-text-editor\" data-id=\"34549ce2\" data-element_type=\"widget\" data-e-type=\"widget\" data-widget_type=\"text-editor.default\">\n\t\t\t\t<div class=\"elementor-widget-container\">\n\t\t\t\t\t\t\t\t\tVase en cuir<br>\n2023<br>\nAcrylique sur toile, 80 x 100 cm\n\t\t\t\t\t\t\t\t<\/div>\n\t\t\t\t<\/div>\n\t\t\t\t<div class=\"elementor-element elementor-element-40bbfc4d elementor-widget elementor-widget-text-editor\" data-id=\"40bbfc4d\" data-element_type=\"widget\" data-e-type=\"widget\" data-widget_type=\"text-editor.default\">\n\t\t\t\t<div class=\"elementor-widget-container\">\n\t\t\t\t\t\t\t\t\t<p>Le langage pictural particulier de Los Brav\u00fa, de style figuratif, agr\u00e9ment\u00e9 de fantaisies l\u00e9g\u00e8rement surr\u00e9alistes et de virtuosit\u00e9 n\u00e9o-mani\u00e9riste, se distingue par son utilisation m\u00e9thodique du collage et de la fusion. Ils m\u00e9langent des \u00e9l\u00e9ments de design contemporain, de fanzines, de m\u00e9dias de masse et une esth\u00e9tique acad\u00e9mique qui rappelle les ma\u00eetres de la Renaissance italienne (15e et 16e si\u00e8cles) et le r\u00e9alisme magique (premi\u00e8re moiti\u00e9 du 20e si\u00e8cle). Ils m\u00e9langent diff\u00e9rentes mani\u00e8res de peindre dans un m\u00eame tableau, de sorte que chaque \u00e9l\u00e9ment de leurs sc\u00e8nes poss\u00e8de une identit\u00e9 intransmissible. Ils m\u00e9langent culture urbaine et culture vernaculaire. Ils m\u00e9langent fascination et ironie.<\/p>\t\t\t\t\t\t\t\t<\/div>\n\t\t\t\t<\/div>\n\t\t\t\t<div class=\"elementor-element elementor-element-3923d906 elementor-align-left elementor-widget elementor-widget-button\" data-id=\"3923d906\" data-element_type=\"widget\" data-e-type=\"widget\" data-widget_type=\"button.default\">\n\t\t\t\t<div class=\"elementor-widget-container\">\n\t\t\t\t\t\t\t\t\t<div class=\"elementor-button-wrapper\">\n\t\t\t\t\t<a class=\"elementor-button elementor-size-sm\" role=\"button\">\n\t\t\t\t\t\t<span class=\"elementor-button-content-wrapper\">\n\t\t\t\t\t\t\t\t\t<span class=\"elementor-button-text\">Demande de renseignements<\/span>\n\t\t\t\t\t<\/span>\n\t\t\t\t\t<\/a>\n\t\t\t\t<\/div>\n\t\t\t\t\t\t\t\t<\/div>\n\t\t\t\t<\/div>\n\t\t\t\t<\/div>\n\t\t\t\t<\/div>\n\t\t\t\t<\/div>","protected":false},"excerpt":{"rendered":"<p>Jarr\u00f3n de la Piel 2023 Acr\u00edlico sobre lienzo, 80 x 100 cm El peculiar lenguaje pict\u00f3rico de Los Brav\u00fa; de corte figurativo, aromatizado con fantas\u00edas levemente surrealistas y un virtuosismo neomanierista; destaca por el uso met\u00f3dico del collage y la fusi\u00f3n. Mezclan elementos del dise\u00f1o contempor\u00e1neo, los fanzines, los mass media y una est\u00e9tica de [&hellip;]<\/p>\n","protected":false},"author":1,"featured_media":5823,"parent":5816,"menu_order":0,"comment_status":"closed","ping_status":"closed","template":"","meta":{"_acf_changed":false,"footnotes":"","_links_to":"","_links_to_target":""},"categories":[63],"tags":[65],"class_list":["post-5884","page","type-page","status-publish","has-post-thumbnail","hentry","category-los-bravu","tag-obra","post","post-with-thumbnail","post-with-thumbnail-large"],"acf":[],"aioseo_notices":[],"_links":{"self":[{"href":"https:\/\/artapartamento.com\/fr\/wp-json\/wp\/v2\/pages\/5884","targetHints":{"allow":["GET"]}}],"collection":[{"href":"https:\/\/artapartamento.com\/fr\/wp-json\/wp\/v2\/pages"}],"about":[{"href":"https:\/\/artapartamento.com\/fr\/wp-json\/wp\/v2\/types\/page"}],"author":[{"embeddable":true,"href":"https:\/\/artapartamento.com\/fr\/wp-json\/wp\/v2\/users\/1"}],"replies":[{"embeddable":true,"href":"https:\/\/artapartamento.com\/fr\/wp-json\/wp\/v2\/comments?post=5884"}],"version-history":[{"count":0,"href":"https:\/\/artapartamento.com\/fr\/wp-json\/wp\/v2\/pages\/5884\/revisions"}],"up":[{"embeddable":true,"href":"https:\/\/artapartamento.com\/fr\/wp-json\/wp\/v2\/pages\/5816"}],"wp:featuredmedia":[{"embeddable":true,"href":"https:\/\/artapartamento.com\/fr\/wp-json\/wp\/v2\/media\/5823"}],"wp:attachment":[{"href":"https:\/\/artapartamento.com\/fr\/wp-json\/wp\/v2\/media?parent=5884"}],"wp:term":[{"taxonomy":"category","embeddable":true,"href":"https:\/\/artapartamento.com\/fr\/wp-json\/wp\/v2\/categories?post=5884"},{"taxonomy":"post_tag","embeddable":true,"href":"https:\/\/artapartamento.com\/fr\/wp-json\/wp\/v2\/tags?post=5884"}],"curies":[{"name":"wp","href":"https:\/\/api.w.org\/{rel}","templated":true}]}}

<div data-elementor-type="wp-page" data-elementor-id="5884" class="elementor elementor-5884" data-elementor-post-type="page">
				<div class="elementor-element elementor-element-1d0da46c e-con-full e-flex e-con e-parent" data-id="1d0da46c" data-element_type="container" data-e-type="container" data-settings="{&quot;background_background&quot;:&quot;classic&quot;}">
		<div class="elementor-element elementor-element-254c88a2 e-con-full e-flex e-con e-child" data-id="254c88a2" data-element_type="container" data-e-type="container">
				<div class="elementor-element elementor-element-1fc6c1cd elementor-widget elementor-widget-image-carousel" data-id="1fc6c1cd" data-element_type="widget" data-e-type="widget" data-settings="{&quot;slides_to_show&quot;:&quot;1&quot;,&quot;navigation&quot;:&quot;none&quot;,&quot;autoplay&quot;:&quot;yes&quot;,&quot;pause_on_hover&quot;:&quot;yes&quot;,&quot;pause_on_interaction&quot;:&quot;yes&quot;,&quot;autoplay_speed&quot;:5000,&quot;infinite&quot;:&quot;yes&quot;,&quot;effect&quot;:&quot;slide&quot;,&quot;speed&quot;:500}" data-widget_type="image-carousel.default">
				<div class="elementor-widget-container">
							<div class="elementor-image-carousel-wrapper swiper" role="region" aria-roledescription="carousel" aria-label="Carrousel d&#039;images" dir="ltr">
			<div class="elementor-image-carousel swiper-wrapper swiper-image-stretch" aria-live="off">
								<div class="swiper-slide" role="group" aria-roledescription="slide" aria-label="1 de 3" data-no-translation-aria-label=""><a data-elementor-open-lightbox="yes" data-elementor-lightbox-slideshow="1fc6c1cd" data-e-action-hash="#elementor-action%3Aaction%3Dlightbox%26settings%3DeyJpZCI6NTg5OCwidXJsIjoiaHR0cHM6XC9cL2FydGFwYXJ0YW1lbnRvLmNvbVwvd3AtY29udGVudFwvdXBsb2Fkc1wvMjAyM1wvMTFcLzIuR0VORVJBTC1DT04tUEFSRURfMy5qcGcud2VicCIsInNsaWRlc2hvdyI6IjFmYzZjMWNkIn0%3D" href="https://artapartamento.com/wp-content/uploads/2023/11/2.GENERAL-CON-PARED_3.jpg.webp"><figure class="swiper-slide-inner"><img decoding="async" class="swiper-slide-image" src="https://artapartamento.com/wp-content/uploads/2023/11/2.GENERAL-CON-PARED_3.jpg.webp" alt="Le Bravú" /></figure></a></div><div class="swiper-slide" role="group" aria-roledescription="slide" aria-label="2 de 3" data-no-translation-aria-label=""><a data-elementor-open-lightbox="yes" data-elementor-lightbox-slideshow="1fc6c1cd" data-e-action-hash="#elementor-action%3Aaction%3Dlightbox%26settings%3DeyJpZCI6NTg5MiwidXJsIjoiaHR0cHM6XC9cL2FydGFwYXJ0YW1lbnRvLmNvbVwvd3AtY29udGVudFwvdXBsb2Fkc1wvMjAyM1wvMTFcLzQuREVUQUxMRS0yLmpwZyIsInNsaWRlc2hvdyI6IjFmYzZjMWNkIn0%3D" href="https://artapartamento.com/wp-content/uploads/2023/11/4.DETALLE-2.jpg"><figure class="swiper-slide-inner"><img decoding="async" class="swiper-slide-image" src="https://artapartamento.com/wp-content/uploads/2023/11/4.DETALLE-2.jpg" alt="Le Bravú" /></figure></a></div><div class="swiper-slide" role="group" aria-roledescription="slide" aria-label="3 de 3" data-no-translation-aria-label=""><a data-elementor-open-lightbox="yes" data-elementor-lightbox-slideshow="1fc6c1cd" data-e-action-hash="#elementor-action%3Aaction%3Dlightbox%26settings%3DeyJpZCI6NTg5MSwidXJsIjoiaHR0cHM6XC9cL2FydGFwYXJ0YW1lbnRvLmNvbVwvd3AtY29udGVudFwvdXBsb2Fkc1wvMjAyM1wvMTFcLzMuREVUQUxMRS0xLmpwZyIsInNsaWRlc2hvdyI6IjFmYzZjMWNkIn0%3D" href="https://artapartamento.com/wp-content/uploads/2023/11/3.DETALLE-1.jpg"><figure class="swiper-slide-inner"><img decoding="async" class="swiper-slide-image" src="https://artapartamento.com/wp-content/uploads/2023/11/3.DETALLE-1.jpg" alt="Le Bravú" /></figure></a></div>			</div>
							
									</div>
						</div>
				</div>
				</div>
		<div class="elementor-element elementor-element-514bc219 e-con-full e-flex e-con e-child" data-id="514bc219" data-element_type="container" data-e-type="container">
				<div class="elementor-element elementor-element-72e8b2c0 elementor-widget elementor-widget-heading" data-id="72e8b2c0" data-element_type="widget" data-e-type="widget" data-widget_type="heading.default">
				<div class="elementor-widget-container">
					<h2 class="elementor-heading-title elementor-size-default"><a href="https://artapartamento.com/fr/category/artistas/los-bravu/" rel="tag">Le Bravú</a></h2>				</div>
				</div>
				<div class="elementor-element elementor-element-34549ce2 elementor-widget elementor-widget-text-editor" data-id="34549ce2" data-element_type="widget" data-e-type="widget" data-widget_type="text-editor.default">
				<div class="elementor-widget-container">
									Vase en cuir<br>
2023<br>
Acrylique sur toile, 80 x 100 cm
								</div>
				</div>
				<div class="elementor-element elementor-element-40bbfc4d elementor-widget elementor-widget-text-editor" data-id="40bbfc4d" data-element_type="widget" data-e-type="widget" data-widget_type="text-editor.default">
				<div class="elementor-widget-container">
									<p>Le langage pictural particulier de Los Bravú, de style figuratif, agrémenté de fantaisies légèrement surréalistes et de virtuosité néo-maniériste, se distingue par son utilisation méthodique du collage et de la fusion. Ils mélangent des éléments de design contemporain, de fanzines, de médias de masse et une esthétique académique qui rappelle les maîtres de la Renaissance italienne (15e et 16e siècles) et le réalisme magique (première moitié du 20e siècle). Ils mélangent différentes manières de peindre dans un même tableau, de sorte que chaque élément de leurs scènes possède une identité intransmissible. Ils mélangent culture urbaine et culture vernaculaire. Ils mélangent fascination et ironie.</p>								</div>
				</div>
				<div class="elementor-element elementor-element-3923d906 elementor-align-left elementor-widget elementor-widget-button" data-id="3923d906" data-element_type="widget" data-e-type="widget" data-widget_type="button.default">
				<div class="elementor-widget-container">
									<div class="elementor-button-wrapper">
					<a class="elementor-button elementor-size-sm" role="button">
						<span class="elementor-button-content-wrapper">
									<span class="elementor-button-text">Demande de renseignements</span>
					</span>
					</a>
				</div>
								</div>
				</div>
				</div>
				</div>
				</div>

<p>Jarrón de la Piel 2023 Acrílico sobre lienzo, 80 x 100 cm El peculiar lenguaje pictórico de Los Bravú; de corte figurativo, aromatizado con fantasías levemente surrealistas y un virtuosismo neomanierista; destaca por el uso metódico del collage y la fusión. Mezclan elementos del diseño contemporáneo, los fanzines, los mass media y una estética de [&hellip;]</p>
