{"id":18827,"date":"2026-02-18T17:30:33","date_gmt":"2026-02-18T16:30:33","guid":{"rendered":"https:\/\/artapartamento.com\/?page_id=18827"},"modified":"2026-02-18T17:47:38","modified_gmt":"2026-02-18T16:47:38","slug":"rectifications-de-loeuvre-darmando-menocal","status":"publish","type":"page","link":"https:\/\/artapartamento.com\/fr\/rectificaciones-a-la-obra-de-armando-menocal\/","title":{"rendered":"Rectifications de l'\u0153uvre d'Armando Menocal"},"content":{"rendered":"<div data-elementor-type=\"wp-page\" data-elementor-id=\"18827\" class=\"elementor elementor-18827\" data-elementor-post-type=\"page\">\n\t\t\t\t<div class=\"elementor-element elementor-element-1a193545 e-con-full e-flex e-con e-parent\" data-id=\"1a193545\" data-element_type=\"container\" data-e-type=\"container\" data-settings=\"{&quot;background_background&quot;:&quot;classic&quot;}\">\n\t\t<div class=\"elementor-element elementor-element-1888dc24 e-con-full e-flex e-con e-child\" data-id=\"1888dc24\" data-element_type=\"container\" data-e-type=\"container\">\n\t\t\t\t<div class=\"elementor-element elementor-element-413888d9 elementor-widget elementor-widget-image-carousel\" data-id=\"413888d9\" data-element_type=\"widget\" data-e-type=\"widget\" data-settings=\"{&quot;slides_to_show&quot;:&quot;1&quot;,&quot;navigation&quot;:&quot;none&quot;,&quot;autoplay&quot;:&quot;yes&quot;,&quot;pause_on_hover&quot;:&quot;yes&quot;,&quot;pause_on_interaction&quot;:&quot;yes&quot;,&quot;autoplay_speed&quot;:5000,&quot;infinite&quot;:&quot;yes&quot;,&quot;effect&quot;:&quot;slide&quot;,&quot;speed&quot;:500}\" data-widget_type=\"image-carousel.default\">\n\t\t\t\t<div class=\"elementor-widget-container\">\n\t\t\t\t\t\t\t<div class=\"elementor-image-carousel-wrapper swiper\" role=\"region\" aria-roledescription=\"carousel\" aria-label=\"Carrousel d&#039;images\" dir=\"ltr\">\n\t\t\t<div class=\"elementor-image-carousel swiper-wrapper swiper-image-stretch\" aria-live=\"off\">\n\t\t\t\t\t\t\t\t<div class=\"swiper-slide\" role=\"group\" aria-roledescription=\"slide\" aria-label=\"1 of 3\" data-no-translation-aria-label=\"\"><a data-elementor-open-lightbox=\"yes\" data-elementor-lightbox-slideshow=\"413888d9\" data-e-action-hash=\"#elementor-action%3Aaction%3Dlightbox%26settings%3DeyJpZCI6MTg4MzMsInVybCI6Imh0dHBzOlwvXC9hcnRhcGFydGFtZW50by5jb21cL3dwLWNvbnRlbnRcL3VwbG9hZHNcLzIwMjZcLzAyXC9Ib3J0dXMtY29uY2x1c3VzLi1Fc3R1ZGlvLWRlLXBsYW50YXMtZGUtbGEtbWl0YWQtaW5mZXJpb3ItZGVsLWN1YWRyby1iYXNlLXNjYWxlZC5qcGcud2VicCIsInNsaWRlc2hvdyI6IjQxMzg4OGQ5In0%3D\" href=\"https:\/\/artapartamento.com\/wp-content\/uploads\/2026\/02\/Hortus-conclusus.-Estudio-de-plantas-de-la-mitad-inferior-del-cuadro-base-scaled.jpg.webp\"><figure class=\"swiper-slide-inner\"><img decoding=\"async\" class=\"swiper-slide-image\" src=\"https:\/\/artapartamento.com\/wp-content\/uploads\/2026\/02\/Hortus-conclusus.-Estudio-de-plantas-de-la-mitad-inferior-del-cuadro-base-scaled.jpg.webp\" alt=\"Jose Manuel Mes\u00edas\" \/><\/figure><\/a><\/div><div class=\"swiper-slide\" role=\"group\" aria-roledescription=\"slide\" aria-label=\"2 of 3\" data-no-translation-aria-label=\"\"><a data-elementor-open-lightbox=\"yes\" data-elementor-lightbox-slideshow=\"413888d9\" data-e-action-hash=\"#elementor-action%3Aaction%3Dlightbox%26settings%3DeyJpZCI6MTg4MzQsInVybCI6Imh0dHBzOlwvXC9hcnRhcGFydGFtZW50by5jb21cL3dwLWNvbnRlbnRcL3VwbG9hZHNcLzIwMjZcLzAyXC9SZWN0aWZpY2F0aW9ucy10by1Bcm1hbmRvLU1lbm9jYWxzLXdvay1UaGUtZGVhdGgtb2YtTWFjZW8uLVZpZXctb2YtcGFuZWwtMi1zY2FsZWQuanBnLndlYnAiLCJzbGlkZXNob3ciOiI0MTM4ODhkOSJ9\" href=\"https:\/\/artapartamento.com\/wp-content\/uploads\/2026\/02\/Rectifications-to-Armando-Menocals-wok-The-death-of-Maceo.-View-of-panel-2-scaled.jpg.webp\"><figure class=\"swiper-slide-inner\"><img decoding=\"async\" class=\"swiper-slide-image\" src=\"https:\/\/artapartamento.com\/wp-content\/uploads\/2026\/02\/Rectifications-to-Armando-Menocals-wok-The-death-of-Maceo.-View-of-panel-2-scaled.jpg.webp\" alt=\"Jose Manuel Mes\u00edas\" \/><\/figure><\/a><\/div><div class=\"swiper-slide\" role=\"group\" aria-roledescription=\"slide\" aria-label=\"3 of 3\" data-no-translation-aria-label=\"\"><a data-elementor-open-lightbox=\"yes\" data-elementor-lightbox-slideshow=\"413888d9\" data-e-action-hash=\"#elementor-action%3Aaction%3Dlightbox%26settings%3DeyJpZCI6MTg4MzUsInVybCI6Imh0dHBzOlwvXC9hcnRhcGFydGFtZW50by5jb21cL3dwLWNvbnRlbnRcL3VwbG9hZHNcLzIwMjZcLzAyXC8xLVJlY3RpZmljYXRpb25zLXRvLUFybWFuZG8tTWVub2NhbHMtd29rLVRoZS1kZWF0aC1vZi1NYWNlby1zY2FsZWQuanBnIiwic2xpZGVzaG93IjoiNDEzODg4ZDkifQ%3D%3D\" href=\"https:\/\/artapartamento.com\/wp-content\/uploads\/2026\/02\/1-Rectifications-to-Armando-Menocals-wok-The-death-of-Maceo-scaled.jpg\"><figure class=\"swiper-slide-inner\"><img decoding=\"async\" class=\"swiper-slide-image\" src=\"https:\/\/artapartamento.com\/wp-content\/uploads\/2026\/02\/1-Rectifications-to-Armando-Menocals-wok-The-death-of-Maceo-scaled.jpg\" alt=\"Jose Manuel Mes\u00edas\" \/><\/figure><\/a><\/div>\t\t\t<\/div>\n\t\t\t\t\t\t\t\n\t\t\t\t\t\t\t\t\t<\/div>\n\t\t\t\t\t\t<\/div>\n\t\t\t\t<\/div>\n\t\t\t\t<\/div>\n\t\t<div class=\"elementor-element elementor-element-72e116a5 e-con-full e-flex e-con e-child\" data-id=\"72e116a5\" data-element_type=\"container\" data-e-type=\"container\">\n\t\t\t\t<div class=\"elementor-element elementor-element-262c076 elementor-widget elementor-widget-heading\" data-id=\"262c076\" data-element_type=\"widget\" data-e-type=\"widget\" data-widget_type=\"heading.default\">\n\t\t\t\t<div class=\"elementor-widget-container\">\n\t\t\t\t\t<h2 class=\"elementor-heading-title elementor-size-default\"><a href=\"https:\/\/artapartamento.com\/fr\/category\/artistas\/jose-manuel-mesias\/\" rel=\"tag\">Jos\u00e9 Manuel Mes\u00edas<\/a><\/h2>\t\t\t\t<\/div>\n\t\t\t\t<\/div>\n\t\t\t\t<div class=\"elementor-element elementor-element-7b592032 elementor-widget elementor-widget-text-editor\" data-id=\"7b592032\" data-element_type=\"widget\" data-e-type=\"widget\" data-widget_type=\"text-editor.default\">\n\t\t\t\t<div class=\"elementor-widget-container\">\n\t\t\t\t\t\t\t\t\t<p><i>Rectifications de l'\u0153uvre d'Armando Menocal<\/i>, 2013 - 2017 <\/p><p>Huile sur toile.<br \/><br \/>Installation<\/p>\t\t\t\t\t\t\t\t<\/div>\n\t\t\t\t<\/div>\n\t\t\t\t<div class=\"elementor-element elementor-element-4d414232 elementor-widget elementor-widget-text-editor\" data-id=\"4d414232\" data-element_type=\"widget\" data-e-type=\"widget\" data-widget_type=\"text-editor.default\">\n\t\t\t\t<div class=\"elementor-widget-container\">\n\t\t\t\t\t\t\t\t\t<p>La chute d'Antonio Maceo a \u00e9t\u00e9 pour beaucoup une fracture profonde dans la derni\u00e8re tentative d'ind\u00e9pendance de l'\u00eele de Cuba \u00e0 la fin du XIXe si\u00e8cle. Ce moment a \u00e9t\u00e9 captur\u00e9 dans une peinture r\u00e9alis\u00e9e par un v\u00e9t\u00e9ran de la guerre et command\u00e9e par les nouvelles \u00e9lites nationalistes qui \u00e9mergeaient dans la jeune nation. Ce fut l'un des premiers \u00e9pisodes de manipulation historique \u00e0 Cuba, marquant le d\u00e9but d'une \u00e8re d'intervention dans les repr\u00e9sentations du pass\u00e9 dans le but de l\u00e9gitimer le pouvoir.<\/p><p>Ce projet aborde l'\u00e9v\u00e9nement \u00e0 travers la controverse qui entoure le c\u00e9l\u00e8bre tableau. <em>Rectifications...<\/em> articule un ensemble de pi\u00e8ces qui, \u00e0 diff\u00e9rents niveaux, probl\u00e9matisent les arch\u00e9types de la cubanit\u00e9 dans ses premi\u00e8res formulations visuelles, la construction de l'histoire et ses m\u00e9canismes de manipulation, ainsi que le paysage compris comme toile de fond du r\u00e9cit historique et sa dimension po\u00e9tique.<\/p>\t\t\t\t\t\t\t\t<\/div>\n\t\t\t\t<\/div>\n\t\t\t\t<div class=\"elementor-element elementor-element-6e5de509 elementor-align-left elementor-widget elementor-widget-button\" data-id=\"6e5de509\" data-element_type=\"widget\" data-e-type=\"widget\" data-widget_type=\"button.default\">\n\t\t\t\t<div class=\"elementor-widget-container\">\n\t\t\t\t\t\t\t\t\t<div class=\"elementor-button-wrapper\">\n\t\t\t\t\t<a class=\"elementor-button elementor-size-sm\" role=\"button\">\n\t\t\t\t\t\t<span class=\"elementor-button-content-wrapper\">\n\t\t\t\t\t\t\t\t\t<span class=\"elementor-button-text\">Demande de renseignements<\/span>\n\t\t\t\t\t<\/span>\n\t\t\t\t\t<\/a>\n\t\t\t\t<\/div>\n\t\t\t\t\t\t\t\t<\/div>\n\t\t\t\t<\/div>\n\t\t\t\t<\/div>\n\t\t\t\t<\/div>\n\t\t\t\t<\/div>","protected":false},"excerpt":{"rendered":"<p>Rectificaciones a la obra de Armando Menocal, 2013 &#8211; 2017 \u00d3leo sobre tela. Instalaci\u00f3n La ca\u00edda de Antonio Maceo supuso una profunda fractura para muchos en el marco del \u00faltimo intento por alcanzar la independencia de la Isla de Cuba a finales del siglo XIX. Aquel momento fue plasmado en una pintura realizada por un [&hellip;]<\/p>\n","protected":false},"author":1,"featured_media":18812,"parent":0,"menu_order":0,"comment_status":"closed","ping_status":"closed","template":"","meta":{"_acf_changed":false,"footnotes":"","_links_to":"","_links_to_target":""},"categories":[47],"tags":[65],"class_list":["post-18827","page","type-page","status-publish","has-post-thumbnail","hentry","category-jose-manuel-mesias","tag-obra","post","post-with-thumbnail","post-with-thumbnail-large"],"acf":[],"aioseo_notices":[],"_links":{"self":[{"href":"https:\/\/artapartamento.com\/fr\/wp-json\/wp\/v2\/pages\/18827","targetHints":{"allow":["GET"]}}],"collection":[{"href":"https:\/\/artapartamento.com\/fr\/wp-json\/wp\/v2\/pages"}],"about":[{"href":"https:\/\/artapartamento.com\/fr\/wp-json\/wp\/v2\/types\/page"}],"author":[{"embeddable":true,"href":"https:\/\/artapartamento.com\/fr\/wp-json\/wp\/v2\/users\/1"}],"replies":[{"embeddable":true,"href":"https:\/\/artapartamento.com\/fr\/wp-json\/wp\/v2\/comments?post=18827"}],"version-history":[{"count":0,"href":"https:\/\/artapartamento.com\/fr\/wp-json\/wp\/v2\/pages\/18827\/revisions"}],"wp:featuredmedia":[{"embeddable":true,"href":"https:\/\/artapartamento.com\/fr\/wp-json\/wp\/v2\/media\/18812"}],"wp:attachment":[{"href":"https:\/\/artapartamento.com\/fr\/wp-json\/wp\/v2\/media?parent=18827"}],"wp:term":[{"taxonomy":"category","embeddable":true,"href":"https:\/\/artapartamento.com\/fr\/wp-json\/wp\/v2\/categories?post=18827"},{"taxonomy":"post_tag","embeddable":true,"href":"https:\/\/artapartamento.com\/fr\/wp-json\/wp\/v2\/tags?post=18827"}],"curies":[{"name":"wp","href":"https:\/\/api.w.org\/{rel}","templated":true}]}}

Rectifications de l'œuvre d'Armando Menocal

<div data-elementor-type="wp-page" data-elementor-id="18827" class="elementor elementor-18827" data-elementor-post-type="page">
				<div class="elementor-element elementor-element-1a193545 e-con-full e-flex e-con e-parent" data-id="1a193545" data-element_type="container" data-e-type="container" data-settings="{&quot;background_background&quot;:&quot;classic&quot;}">
		<div class="elementor-element elementor-element-1888dc24 e-con-full e-flex e-con e-child" data-id="1888dc24" data-element_type="container" data-e-type="container">
				<div class="elementor-element elementor-element-413888d9 elementor-widget elementor-widget-image-carousel" data-id="413888d9" data-element_type="widget" data-e-type="widget" data-settings="{&quot;slides_to_show&quot;:&quot;1&quot;,&quot;navigation&quot;:&quot;none&quot;,&quot;autoplay&quot;:&quot;yes&quot;,&quot;pause_on_hover&quot;:&quot;yes&quot;,&quot;pause_on_interaction&quot;:&quot;yes&quot;,&quot;autoplay_speed&quot;:5000,&quot;infinite&quot;:&quot;yes&quot;,&quot;effect&quot;:&quot;slide&quot;,&quot;speed&quot;:500}" data-widget_type="image-carousel.default">
				<div class="elementor-widget-container">
							<div class="elementor-image-carousel-wrapper swiper" role="region" aria-roledescription="carousel" aria-label="Carrousel d&#039;images" dir="ltr">
			<div class="elementor-image-carousel swiper-wrapper swiper-image-stretch" aria-live="off">
								<div class="swiper-slide" role="group" aria-roledescription="slide" aria-label="1 of 3" data-no-translation-aria-label=""><a data-elementor-open-lightbox="yes" data-elementor-lightbox-slideshow="413888d9" data-e-action-hash="#elementor-action%3Aaction%3Dlightbox%26settings%3DeyJpZCI6MTg4MzMsInVybCI6Imh0dHBzOlwvXC9hcnRhcGFydGFtZW50by5jb21cL3dwLWNvbnRlbnRcL3VwbG9hZHNcLzIwMjZcLzAyXC9Ib3J0dXMtY29uY2x1c3VzLi1Fc3R1ZGlvLWRlLXBsYW50YXMtZGUtbGEtbWl0YWQtaW5mZXJpb3ItZGVsLWN1YWRyby1iYXNlLXNjYWxlZC5qcGcud2VicCIsInNsaWRlc2hvdyI6IjQxMzg4OGQ5In0%3D" href="https://artapartamento.com/wp-content/uploads/2026/02/Hortus-conclusus.-Estudio-de-plantas-de-la-mitad-inferior-del-cuadro-base-scaled.jpg.webp"><figure class="swiper-slide-inner"><img decoding="async" class="swiper-slide-image" src="https://artapartamento.com/wp-content/uploads/2026/02/Hortus-conclusus.-Estudio-de-plantas-de-la-mitad-inferior-del-cuadro-base-scaled.jpg.webp" alt="Jose Manuel Mesías" /></figure></a></div><div class="swiper-slide" role="group" aria-roledescription="slide" aria-label="2 of 3" data-no-translation-aria-label=""><a data-elementor-open-lightbox="yes" data-elementor-lightbox-slideshow="413888d9" data-e-action-hash="#elementor-action%3Aaction%3Dlightbox%26settings%3DeyJpZCI6MTg4MzQsInVybCI6Imh0dHBzOlwvXC9hcnRhcGFydGFtZW50by5jb21cL3dwLWNvbnRlbnRcL3VwbG9hZHNcLzIwMjZcLzAyXC9SZWN0aWZpY2F0aW9ucy10by1Bcm1hbmRvLU1lbm9jYWxzLXdvay1UaGUtZGVhdGgtb2YtTWFjZW8uLVZpZXctb2YtcGFuZWwtMi1zY2FsZWQuanBnLndlYnAiLCJzbGlkZXNob3ciOiI0MTM4ODhkOSJ9" href="https://artapartamento.com/wp-content/uploads/2026/02/Rectifications-to-Armando-Menocals-wok-The-death-of-Maceo.-View-of-panel-2-scaled.jpg.webp"><figure class="swiper-slide-inner"><img decoding="async" class="swiper-slide-image" src="https://artapartamento.com/wp-content/uploads/2026/02/Rectifications-to-Armando-Menocals-wok-The-death-of-Maceo.-View-of-panel-2-scaled.jpg.webp" alt="Jose Manuel Mesías" /></figure></a></div><div class="swiper-slide" role="group" aria-roledescription="slide" aria-label="3 of 3" data-no-translation-aria-label=""><a data-elementor-open-lightbox="yes" data-elementor-lightbox-slideshow="413888d9" data-e-action-hash="#elementor-action%3Aaction%3Dlightbox%26settings%3DeyJpZCI6MTg4MzUsInVybCI6Imh0dHBzOlwvXC9hcnRhcGFydGFtZW50by5jb21cL3dwLWNvbnRlbnRcL3VwbG9hZHNcLzIwMjZcLzAyXC8xLVJlY3RpZmljYXRpb25zLXRvLUFybWFuZG8tTWVub2NhbHMtd29rLVRoZS1kZWF0aC1vZi1NYWNlby1zY2FsZWQuanBnIiwic2xpZGVzaG93IjoiNDEzODg4ZDkifQ%3D%3D" href="https://artapartamento.com/wp-content/uploads/2026/02/1-Rectifications-to-Armando-Menocals-wok-The-death-of-Maceo-scaled.jpg"><figure class="swiper-slide-inner"><img decoding="async" class="swiper-slide-image" src="https://artapartamento.com/wp-content/uploads/2026/02/1-Rectifications-to-Armando-Menocals-wok-The-death-of-Maceo-scaled.jpg" alt="Jose Manuel Mesías" /></figure></a></div>			</div>
							
									</div>
						</div>
				</div>
				</div>
		<div class="elementor-element elementor-element-72e116a5 e-con-full e-flex e-con e-child" data-id="72e116a5" data-element_type="container" data-e-type="container">
				<div class="elementor-element elementor-element-262c076 elementor-widget elementor-widget-heading" data-id="262c076" data-element_type="widget" data-e-type="widget" data-widget_type="heading.default">
				<div class="elementor-widget-container">
					<h2 class="elementor-heading-title elementor-size-default"><a href="https://artapartamento.com/fr/category/artistas/jose-manuel-mesias/" rel="tag">José Manuel Mesías</a></h2>				</div>
				</div>
				<div class="elementor-element elementor-element-7b592032 elementor-widget elementor-widget-text-editor" data-id="7b592032" data-element_type="widget" data-e-type="widget" data-widget_type="text-editor.default">
				<div class="elementor-widget-container">
									<p><i>Rectifications de l'œuvre d'Armando Menocal</i>, 2013 - 2017 </p><p>Huile sur toile.<br /><br />Installation</p>								</div>
				</div>
				<div class="elementor-element elementor-element-4d414232 elementor-widget elementor-widget-text-editor" data-id="4d414232" data-element_type="widget" data-e-type="widget" data-widget_type="text-editor.default">
				<div class="elementor-widget-container">
									<p>La chute d'Antonio Maceo a été pour beaucoup une fracture profonde dans la dernière tentative d'indépendance de l'île de Cuba à la fin du XIXe siècle. Ce moment a été capturé dans une peinture réalisée par un vétéran de la guerre et commandée par les nouvelles élites nationalistes qui émergeaient dans la jeune nation. Ce fut l'un des premiers épisodes de manipulation historique à Cuba, marquant le début d'une ère d'intervention dans les représentations du passé dans le but de légitimer le pouvoir.</p><p>Ce projet aborde l'événement à travers la controverse qui entoure le célèbre tableau. <em>Rectifications...</em> articule un ensemble de pièces qui, à différents niveaux, problématisent les archétypes de la cubanité dans ses premières formulations visuelles, la construction de l'histoire et ses mécanismes de manipulation, ainsi que le paysage compris comme toile de fond du récit historique et sa dimension poétique.</p>								</div>
				</div>
				<div class="elementor-element elementor-element-6e5de509 elementor-align-left elementor-widget elementor-widget-button" data-id="6e5de509" data-element_type="widget" data-e-type="widget" data-widget_type="button.default">
				<div class="elementor-widget-container">
									<div class="elementor-button-wrapper">
					<a class="elementor-button elementor-size-sm" role="button">
						<span class="elementor-button-content-wrapper">
									<span class="elementor-button-text">Demande de renseignements</span>
					</span>
					</a>
				</div>
								</div>
				</div>
				</div>
				</div>
				</div>

<p>Rectificaciones a la obra de Armando Menocal, 2013 &#8211; 2017 Óleo sobre tela. Instalación La caída de Antonio Maceo supuso una profunda fractura para muchos en el marco del último intento por alcanzar la independencia de la Isla de Cuba a finales del siglo XIX. Aquel momento fue plasmado en una pintura realizada por un [&hellip;]</p>
